b - 84*b + 305*b + 2*b**2 + 4 + 2*b**3. What is r(-3)?
-44
Let d be ((-44)/(-6))/(1/18*12). Let p(h) = 32*h**3 + 18*h**2 + 2*h + 11. Let s(z) = 16*z**3 + 10*z**2 + z + 6. Let k(y) = d*s(y) - 6*p(y). Calculate k(1).
-15
Let o(t) be the first derivative of -1/3*t**3 - t - 1/4*t**4 + 1/2*t**2 - 1. Let v be (-2)/3 + 122/183. Determine o(v).
-1
Let i(r) be the second derivative of r**5/20 - r**4/2 - 7*r**3/6 + 7*r**2/2 + 2*r. Suppose 0*k + 3*k = -135. Let s = -38 - k. Give i(s).
7
Let t(a) = -3*a**3 + 154*a**2 - 63*a - 159. Let x(u) = -u**3 + 51*u**2 - 23*u - 52. Let w(y) = -4*t(y) + 11*x(y). Give w(55).
9
Let t(s) = -6 - 119*s + 62*s + 4*s**2 - s**3 + 66*s. Calculate t(4).
30
Let h(c) be the second derivative of c**4/12 + 7*c**3/2 + 19*c**2 - 4*c + 851. What is h(-16)?
-42
Let l(h) = -h**3 + 8*h**2 + 2*h + 2. Let m(o) = o**2 + o. Suppose 33*d - 30 = 39*d. Let c(t) = d*m(t) + l(t). Determine c(2).
0
Suppose 3*o - 18 = 0, -6*l - 2 = -4*l + 3*o. Let x(u) = 6*u + 39. Determine x(l).
-21
Let g(l) = -221769*l**3 + 3*l**2 - 221764*l**3 + 443536*l**3. Give g(-2).
-12
Let i = 1211 + -1206. Let m(r) = 2*r + 6. Let j(l) = 3*l - 1 + 9 + 4. Let a(f) = -3*j(f) + 5*m(f). Determine a(i).
-1
Let r = -19021 + 19024. Let i(f) be the third derivative of 0*f - 1/24*f**4 - 29*f**2 + 0 + 4/15*f**5 + 0*f**r. Give i(1).
15
Let d(z) = -8*z + 33. Let w be d(8). Let h = 160 + w. Let u(c) = -65 + h + c - 65. Determine u(-6).
-7
Let z(o) = 4*o**2 - 5*o**2 + 497 - 499. Let a = -15 + 35. Suppose 4*p + p + a = 0. Determine z(p).
-18
Let f = 50 + -41. Suppose 13*a - f*a = 248. Suppose -a = -q - 55. Let i(d) = d - 1. Determine i(q).
6
Let t(d) be the second derivative of 40 + 1/6*d**3 + d**2 - 2*d. Give t(-8).
-6
Let i(s) = -3*s - 4. Let z be (1/3)/((-7)/(-252)). Suppose -z*g = 2*g - 168. Suppose -10*h + 6*h = g. What is i(h)?
5
Let a(v) = -5*v**2 - 77*v - 33. Let o be a(-15). Let u(w) = -w**3 - 6*w**2 + w + 6. Calculate u(o).
-24
Let u(n) = n + 10. Let a be u(-13). Let q(l) = 4*l - 4. Let f(g) = -5*g + 1. Let h(j) = a*f(j) - 4*q(j). What is h(10)?
3
Let q(d) = d**3 - 42*d**2 - 187*d + 113. Let y be q(46). Let s(o) = -o**3 - 26*o**2 - 26*o + 2. Give s(y).
27
Let j(o) = 10*o - 356. Let y(i) = i - 72. Let a(u) = j(u) - 5*y(u). Determine a(13).
69
Let a(n) = n + 2. Let l be a(2). Suppose l*d - 27 = 7*d. Let g(b) = 4 - 4 + 0 - b. Calculate g(d).
9
Let u(o) = o**2 + 10*o + 1. Suppose 0 = -12*x - 13 - 101 + 30. Calculate u(x).
-20
Let q be (72/90)/((-5)/(-20) - 26/40). Let o(l) = l**3 + 4*l**2 + l - 7. Give o(q).
-1
Let r(z) = z**3 - 3*z**2 - 51*z + 149. Let s be r(3). Let y(j) = j**2 + 9*j + 8. What is y(s)?
-12
Let w(h) = 88*h - 4. Let f be w(0). Let d(u) = -17*u - 70. Determine d(f).
-2
Let t(c) be the third derivative of c**5/24 + c**4/24 + 59*c**3/6 + 70*c**2. Let o(h) be the first derivative of t(h). Determine o(-2).
-9
Let j(a) = a**2 - 3*a - 8. Suppose -y - 4*h = 8, -24*y + 19*y + 10 = -5*h. Suppose y*z - 26 = -5*g + z, 3*z = 12. Give j(g).
10
Let x(g) = -g + 21. Let h = 75 + -29. Let d be h/(-345) - (-754)/30. Let p be x(d). Let f(q) = q**2 + q + 3. Give f(p).
15
Let w(d) be the second derivative of -2*d**3 + 4*d**2 - 13*d. Let k be w(4). Let n = -34 - k. Let b(q) = -q**3 + 7*q**2 - 5*q + 6. Calculate b(n).
12
Suppose -2*a = 3*a + m - 8, 0 = 4*a - 3*m - 14. Let f(g) be the second derivative of 0*g**2 + 3*g + 0*g**3 - 1/4*g**4 + 1/10*g**5 + 0. What is f(a)?
4
Suppose -9 = -n - 5. Suppose -3*m = -k - 9, 0*k + 12 = 2*k + n*m. Let a(p) = p**2 + p - 37. Determine a(k).
-37
Let k(c) = c**2 - 38*c + 153. Let a be k(33). Let b(z) = 2*z**2 + 23*z - 13. Calculate b(a).
-1
Let w(o) = -1 - 2*o - 1 + 3*o + 0. Suppose i + 25 = -5*t - 24, -2*t - 22 = -2*i. Let n(v) = v**2 + 10*v + 7. Let s be n(t). What is w(s)?
5
Let k(f) = 94 + 10*f - 9*f**2 + 6*f - f**3 - 80. Determine k(-10).
-46
Let f be (-112)/64*(-6 + 1 - -1). Let v(b) = -b**2 + 28*b + 29. Let y(q) = -q**2 + 19*q + 20. Let r(d) = f*y(d) - 5*v(d). What is r(-4)?
-9
Let k be 76/20 - 3 - (-5 - 168/(-35)). Let w(g) = -16*g**2 + 8*g - 1. Determine w(k).
-9
Let h(f) = 46*f**2 + 4*f + 63. Let a(b) = 12*b**2 - 5*b + 1. Let l(x) = -4*a(x) + h(x). Give l(14).
3
Let o = 260 - 260. Let z(p) = 51*p - 51*p + o + 1 - 2*p**2. What is z(1)?
-1
Let r(m) = 5*m - 4. Let b(y) be the second derivative of y**3 - 2*y**2 - 13*y. Let t be -3*(-4)/15*10/(-4). Let o(w) = t*b(w) + 3*r(w). Determine o(-3).
-13
Let h(d) = d**3 + 10*d**2 + 9*d - 20. Suppose -l = 25*l + 208. Calculate h(l).
36
Suppose -3*r - 4*o = -1, 3*r + 3*o = 4*o - 19. Let n(k) be the first derivative of -3*k**2/2 - 8*k + 423. Give n(r).
7
Let u(j) = j + 19. Suppose 2 = q, 5*d = 3*q - 186 + 10. Let k(c) = c + 16. Let m be k(d). Give u(m).
1
Let t(l) = -l**3 + 14*l**2 + 3*l + 10. Let s(i) = 15*i**3 + 41*i**2 + 8*i - 9*i**3 + 29 - 9*i**3. Let u(c) = -6*s(c) + 17*t(c). Determine u(8).
20
Let q(h) = 3 - h**2 + 13*h + 5*h**2 - 3*h**2. Let b(r) = 2*r**3 - 26*r**2 - 176*r + 11. Let c be b(-5). Calculate q(c).
-33
Let g(o) = o**3 + 35*o**2 - 31*o + 161. Let k(m) = -m**3 - 35*m**2 + 30*m - 190. Let s(a) = 4*g(a) + 3*k(a). Determine s(-36).
2
Let u(p) = -p**3 + 10*p**2 - 4*p - 43. Let a be u(9). Let w(o) = -3*o**a + 322*o - 319*o + 4*o**2 - 6. Calculate w(-6).
12
Let j(r) = 37*r + 19. Let x(q) = 80*q + 38. Let m(z) = 13*j(z) - 6*x(z). Give m(-14).
5
Let k(j) = -j**3 - 41*j**2 + 86*j + 3. Let d be k(-43). Let i(v) = 2*v + v**2 + v + d - 1 + 4 - 2. What is i(3)?
22
Let u(n) = -6*n**2 + 8*n + 4. Let r be u(6). Let q = r + 108. Let z = -52 - q. Let m(b) = b**2 - 3*b + 4. Determine m(z).
8
Let l(j) be the third derivative of -j**4/6 + 70*j**3/3 - j**2 - 2990. Determine l(32).
12
Let a(g) = -6*g**2 - 3*g + 104. Let x(f) = -5*f**2 - 4*f + 83. Let p(s) = -4*a(s) + 5*x(s). Determine p(-10).
-21
Let o(d) = -5*d**2 + 6*d - 20. Let r(p) = -119*p + 5. Let a be r(0). Determine o(a).
-115
Let r = -35136 + 35137. Let u(n) = -43*n**2 - 8*n. Calculate u(r).
-51
Let v = -228 - -37. Let l = -192 - v. Let a(t) = 31*t**2 + t + 1. Calculate a(l).
31
Let t(k) = k**3 - 3*k**2 - 7*k + 5. Let d(z) = z + 7. Let n be d(-2). Suppose 0 = n*o + o. Suppose 3*u - 3*l = -2*u + 35, -5*u + l + 25 = o. What is t(u)?
-7
Let f(x) = -27*x + 15. Let m be 2/10*(33/(-198) - (-62)/12). Calculate f(m).
-12
Suppose -4*c - 49 - 27 = 0. Let a = -4 - c. Suppose -9*f - 30 = a. Let w(l) = -3*l - 3. Calculate w(f).
12
Let g(w) = -w**3 - 11*w**2 - 7*w - 41. Let n be (-2)/(-111)*3 - 50716/4588. Determine g(n).
36
Let w(s) = -2*s**2 - 3*s + 73. Suppose -24239*m + 24237*m + 16 = 0. What is w(m)?
-79
Let z be 5/(120/6) + ((-69)/(-12))/1. Let t(q) = 2*q + 24. Calculate t(z).
36
Let k(f) = 15*f + 6. Suppose 1803*p - 29 = 1832*p. Give k(p).
-9
Suppose 0 = 5*t - 3*m + 8, -11*m + 8*m - 12 = 0. Let h be (-1)/((-2)/8) - 2. Let r(n) = -n**2 - 3 + n**h + n**2. What is r(t)?
13
Suppose 0 = 15*b - 4*b - 77. Let w(f) = -2*f + 3. Calculate w(b).
-11
Let s(z) = -z**2 + 7. Let p(b) = 3*b**2 + b - 15. Let t(q) = -4*p(q) - 9*s(q). Let i be ((-30)/(-6) - 310/50)*(-10)/(-6). What is t(i)?
-7
Let o = -438 - -434. Let m(z) = z**3 + 2*z**2 - 2*z + 7. Determine m(o).
-17
Let a(s) = -13245*s - 13 - 4*s**2 + 12*s**3 + 13248*s - 11*s**3. What is a(4)?
-1
Let t(r) = r**2 - 5*r + 2. Let g = 8420 + -8415. What is t(g)?
2
Suppose 58*m = 90*m - 64. Let u(c) = 3*c**3 - 4*c**2 + 5*c - 5. What is u(m)?
13
Let n be (5 - 0) + (-5)/5. Suppose 5*z + 3*t = -t - 8, 0 = n*z - 5*t - 10. Let s(r) = -9 + 7*r - r**2 - 7*r. Determine s(z).
-9
Suppose 0 = 7*k + 2*k - 18. Let f be 3 + (k/(-6))/(4/12). Suppose 3*x - j - 2 - f = 0, 5*x - 5*j = 0. Let y(i) = 5*i - 3. What is y(x)?
7
Let q(t) = -2*t**2 - 11*t + 21. Let s(r) = r**2 + 6*r - 8. Let v(i) = -2*q(i) - 5*s(i). What is v(-11)?
-35
Suppose -8 = 4*w, 2*k - 4*w + w - 14 = 0. Suppose -v + 5*q + 5 = 7*q, k*v - 20 = -2*q. Let t(c) = -62*c + 26*c - c**3 - v + 29*c - 6*c**2. Give t(-5).
5
Let f = -53 - -23. Let m = f - -32. Let s be (-4)/6*(2 + 5/m). Let c(v) = -4*v - 1. Determine c(s).
11
Let q(x) = 2*x**3 - 89*x**2 + 44*x - 21. Let w be q(44). Let f(k) = 6*k + 122. Determine f(w).
-4
Let d = 326 + -323. Let z(l) = -3*l + 124*l**3 - 1 - d*l + 13*l - 125*l**3 + 7*l**2. Calculate z(8).
-9
Let o(b) = b**3 - 9*b**2 - 11*b + 10. Let r(t) = t**2 - 37*t + 322. Let k